is the highest common factor of r and a?
27
Suppose -113*j + 1092 = -117*j. Let h = -240 - j. What is the highest common factor of 759 and h?
33
Let d(w) = 3*w**2 - 5*w - 37. Let j be d(8). Calculate the greatest common factor of j and 2185.
115
Let x be (-29415)/75 - 16/20. Let f = -377 - x. Calculate the highest common divisor of f and 36.
4
Suppose -12*s + 33 = -s. Suppose -2*u - 3*h - 33 = 0, -u - s*u = 5*h + 63. Let m = u - -19. What is the greatest common factor of m and 63?
7
Suppose -21*t + 2400 = -18*t. Calculate the greatest common divisor of 48 and t.
16
Suppose 0 = 5*f - 28*f + 9*f + 70. Calculate the greatest common divisor of f and 845.
5
Let w = -3059 + 3244. Calculate the highest common factor of w and 29045.
185
Suppose 0 = 4*h - 52 + 128. Let r = 4 + h. Let j be (-1482)/r + (-3)/(-15). Calculate the greatest common divisor of j and 9.
9
Suppose -8*f = -3466 - 646. Let s = 640 - f. Calculate the greatest common factor of s and 336.
42
Suppose -3*s = 2*u + 3*u - 20, 4*u = -3*s + 19. Let j be 1/(s/(30 + -5)) + -4. Calculate the greatest common divisor of 16 and j.
1
Let n(g) = 2488*g - 13099. Let v be n(11). Calculate the greatest common divisor of 38 and v.
19
Suppose 0 = 5*i + 15799 - 16019. Let x be ((-66)/9)/(8/(-132)). Calculate the highest common factor of x and i.
11
Suppose -28*z - 8*z = -324. Calculate the highest common factor of 6372 and z.
9
Let y = 8160 - 8137. Calculate the highest common divisor of 6187 and y.
23
Let f(a) = 3*a**2 + 24*a - 723. Let t be f(20). Calculate the greatest common divisor of 44 and t.
11
Suppose 0 = 5*l - 2*p - 41, 0 = 3*l - 8*p + 4*p - 33. Suppose -3*x - l = -25. Suppose -26*j + x = -24*j. What is the highest common divisor of j and 1?
1
Let h = 44 + -52. Let f be (h + -1)*(-5)/15. Let c be 9 - (0/(-2) + f). Calculate the highest common divisor of 12 and c.
6
Suppose 0 = -2*x + 3*w + 10, -9 = 3*x - 3*w - 24. Suppose -6*o + o + 260 = x*a, 0 = -3*o + a + 156. Calculate the greatest common factor of 832 and o.
52
Let o be 69*(-553)/(-5451) - 1*3. Let g(v) = 5*v**3 + 2*v**2 - v - 2. Let m be g(2). Calculate the highest common divisor of o and m.
4
Let y = 71 - 67. Suppose -y*m + 143 = 23. Let c(x) = x**3 - 4*x**2 - 5*x + 6. Let g be c(5). What is the greatest common factor of g and m?
6
Let r be (9/(-2))/(48/(-128)). Let v = 61 + -59. Suppose -4*q = 5*w - 232, -v*w - q + 5*q = -104. What is the greatest common factor of r and w?
12
Let b(p) = -105*p - 937. Let n be b(-9). What is the highest common divisor of 10624 and n?
8
Let d(i) = -2*i**2 - 10*i - 3. Let g be d(-4). Let c be (-11)/33*(g - 8). What is the greatest common factor of c and 3?
1
Suppose d - 5*j = 18 + 2, d = -5*j. Calculate the highest common divisor of d and 890.
10
Suppose 12*i + 40198 = 40774. What is the greatest common factor of 2106 and i?
6
Let f = 380 + -317. Suppose 0 = 8*p - 3*p - 10. Suppose 4*u - 22 = -s - s, 5*s + p*u = 47. Calculate the greatest common factor of f and s.
9
Let l(p) = -2*p + 22. Suppose 6*k - 42 = -0*k. Suppose 0 = -k*h - 15 - 97. Let g be l(h). What is the highest common factor of 36 and g?
18
Let s(h) = -h**3 - 8*h**2 - 7*h + 6. Let g be s(-8). Let i = 91 - g. Let r be 6/(-510)*-17 - 432/(-15). Calculate the highest common factor of i and r.
29
Let y(o) = -6*o + 81. Let h be y(-15). Suppose -h = -17*g + 8*g. Calculate the highest common divisor of g and 76.
19
Let f = 13828 - 13774. Calculate the greatest common divisor of f and 1398.
6
Suppose -4*x - 791*c = -790*c - 650, -5*x = -3*c - 804. Let n = -71 - -125. Calculate the highest common factor of n and x.
54
Let o be 2 + 4/1 + -1. Suppose s + 101 = -o*v, -s - 3 = -4*v - 91. Let b be (-5)/((-15)/v)*-1. What is the highest common divisor of b and 63?
7
Let y(n) = n**3 + 9*n**2 - 21*n + 14. Let k be y(-11). Let x be (k/(-5))/((-4)/60) + -1. What is the highest common divisor of x and 68?
4
Let r = -175 - -178. Suppose 15*o - 17 = -r*b + 19*o, 5*o + 2 = b. Calculate the highest common divisor of 385 and b.
7
Let t = 39 + -68. Let u(b) = 80*b - 91. Let x be u(1). Let i = x - t. Calculate the greatest common divisor of i and 198.
18
Suppose -10*x = -22*x + 33 + 39. Calculate the highest common divisor of x and 4674.
6
Suppose -39*u + 109*u = 840. Calculate the highest common divisor of u and 50.
2
Let r = -20099 - -30778. What is the greatest common factor of r and 543?
181
Let z(o) = -4*o - 15*o + 3 - 9. Let c be 4*24/32 - (-4 - -9). Let v be z(c). What is the greatest common divisor of 24 and v?
8
Suppose x + 2*z - 23 = 0, -3*z = -x + 6*x - 108. Suppose -3*a = -2*m + 543, 4*m = 3*m + 3*a + 270. What is the highest common divisor of m and x?
21
Let j be (18/30)/((-3)/(-10)). Suppose 0 = -5*m - j*m. Suppose m = -2*r + 20 - 0. Calculate the greatest common factor of r and 15.
5
Let c(i) = 2*i**3 - 2*i**2 - 2*i. Let x be c(2). Suppose -2*g - 14 = x. Let f be 19 - g/(1 + -4). What is the greatest common divisor of f and 128?
16
Let n = -217 - -214. Let h be (-1)/((-6)/405)*(-4)/n. What is the highest common divisor of h and 150?
30
Suppose 4*k = 3*r + 20507, 24*k - 2*r = 22*k + 10250. What is the greatest common factor of 4 and k?
4
Let s(y) = -5*y + 209. Let h be s(0). Let i(m) = 7*m**2 + 64*m - 200. Let r be i(3). What is the greatest common factor of h and r?
11
Let q(h) = 10*h**3 - 7*h**2 + h + 5. Let t be q(1). Let i be (t/((-54)/42) - -5)/(-1). Let y be 1/1 - 0/(-2). What is the greatest common factor of i and y?
1
Suppose -166 + 19 = -x. Suppose 2*p - 203 = -3*z, 2*z + 2*p = x - 11. Let c = 112 - z. Calculate the greatest common divisor of 27 and c.
9
Suppose -427 - 41 = -12*x. Suppose -10*c + 21 = -3*c. Suppose c*b - 1250 = 37. Calculate the greatest common divisor of b and x.
39
Let q be (-9 + 12)/(6/(-8)) + -257. Let t = 278 + q. Let z(s) = -s**3 + 8*s**2 - 6*s - 2. Let u be z(6). Calculate the highest common divisor of u and t.
17
Suppose 5*i - 64 = 4*i. Let o be (1/4)/((-2)/(-536)). Let x = 75 - o. What is the greatest common factor of i and x?
8
Let f be -6 + (0 + 16/(-3))/((-350)/8925). Calculate the highest common factor of 10 and f.
10
Let r be ((-14)/(-28))/((-1)/16). Let g be 574/70 + r/(-10). Calculate the highest common factor of g and 369.
9
Let x = -30308 - -30429. What is the greatest common divisor of 407 and x?
11
Suppose -3*l + 1342 = 4*w - 5*l, 0 = -w + 3*l + 333. Let j(n) = -3*n**2 - 69*n + 1575. Let h be j(-37). What is the greatest common divisor of h and w?
21
Let z(n) = n**3 - 8*n**2 - 3*n - 46. Let j be z(9). Suppose j*f - 461 = 739. What is the greatest common factor of 675 and f?
75
Let w be 50/(-2)*(-5)/(125/20). What is the greatest common divisor of w and 4670?
10
Let z be 1094/4 + 597/(-398). Calculate the greatest common divisor of 80 and z.
16
Let z be (0*(-7)/(-28))/(-2). Suppose z = 3*w - 11*w + 8816. Calculate the greatest common divisor of 58 and w.
58
Let a(p) = 2*p**3 - p**2 - 14*p + 29. Let n be a(5). What is the greatest common divisor of 1564 and n?
92
Let i(d) = -d**3 - 19*d**2 + 42*d + 39. Let t be i(-21). Let q(b) = b**3 + 7*b**2 - 17*b - 2. Let x be q(-7). Calculate the greatest common divisor of x and t.
39
Suppose -4*d - 276 = 5*x - 800, 2*d = -x + 106. Calculate the greatest common factor of x and 384.
8
Let s(f) = -2*f + 30. Let i be s(13). Suppose -2*a + 3*z + 112 = 0, -4*a + 252 = -3*z + i*z. What is the highest common factor of a and 217?
31
Let n = 4003 + -3997. Calculate the highest common factor of 142 and n.
2
Let v(b) = 44*b**3 - 2227*b**2 + 23*b - 98. Let f be v(51). What is the greatest common factor of 52 and f?
52
Suppose -3*o = 18, -3*o + 313 + 167 = 3*c. Calculate the highest common divisor of 1162 and c.
166
Let l(u) = -2*u + 13. Let k(y) = y. Let c(z) = 3*k(z) + l(z). Let r be -8*(-1 - (-9)/4). Let w be c(r). What is the highest common divisor of 15 and w?
3
Let h(l) = -l**3 + 24*l**2 - 48*l - 16. Let w be h(21). Let r = 224 + -198. What is the highest common factor of w and r?
13
Let o(g) = -g**3 + 18*g**2 + 34*g - 231. Let z be o(19). What is the highest common factor of 18594 and z?
18
Let a be (4 + -4)/((-4)/4) + 147. What is the greatest common divisor of 2877 and a?
21
Let z be 1/3*(1/16 + (-20700)/(-576)). Calculate the highest common divisor of z and 9972.
12
Let o